f - 13, -5*f - 2 + 7 = -5*s. Calculate the remainder when z(f) is divided by 42.
41
Suppose -4*o + 91 = -197. Let w = -119015 + 119300. What is the remainder when w is divided by o?
69
Let w = -190 - -193. Suppose -2*x - s + 525 = -210, w*x + 3*s = 1101. Calculate the remainder when x is divided by 47.
39
Let d = 16047 - 15975. Calculate the remainder when 494 is divided by d.
62
Suppose -6 = 2*d, -2*o - 4*d = -o + 2. Suppose o = 5*g, b - 3*g = 1 - 0. What is the remainder when (b/(-2))/(3*(-6)/36) is divided by 4?
3
Let p = -112 + 117. Suppose -w = -2*w - o - 5, w - 5*o + p = 0. What is the remainder when 1 - 290/w - 2 is divided by 30?
27
Let w(b) = 189*b + 60. Let k be w(-8). What is the remainder when (-12)/(-54) + k/(-27) is divided by 15?
9
Let d(z) = z**3 + 9*z**2 - 75*z - 37. Calculate the remainder when d(-12) is divided by 162.
107
Suppose 4*p - 2338 + 946 = 0. What is the remainder when p is divided by (-894 + 895)*(32 - 0)?
28
Let o(f) = f**3 + 27*f**2 - f + 47. Let j = -295 + 268. Suppose -5*g - 3*z + 66 = -0*g, -5*g = -4*z - 87. What is the remainder when o(j) is divided by g?
14
Let s(z) = 7*z + 4 + 5 + 4. Let b be s(2). What is the remainder when 310 is divided by 1044/b + (-2)/(-6)?
37
Let l = 70 - 42. Let n be (-7)/(l/(-12)) - -2. Suppose 6*q - 7*q = -n. What is the remainder when q is divided by 2?
1
Suppose -3*z = 2*z + 145. Let k = z + 47. Suppose 5*y = 3*y + k. What is the remainder when y is divided by 7?
2
Suppose 5*d = 107 + 103. Suppose -3*b - 3*h + 153 = 0, h + 195 = 3*b + d. What is the remainder when (b/5)/((6/15)/2) is divided by 4?
3
Let u = 455 + -420. Suppose 3*h + 2*n = 506, 4*h - 725 = 4*n - 17. What is the remainder when h is divided by u?
32
Let c be 15 + 9 + -1 + 1 + -2. Let p(l) = 0*l - 3*l - 2*l**2 + 3*l**2 + c - 14. What is the remainder when p(6) is divided by 9?
8
Suppose -221 = -48*z + 10675. What is the remainder when 54931 is divided by z?
224
Suppose 0 = 4*s + 4, 27*s = -2*f + 717 + 34. Calculate the remainder when f is divided by 165.
59
Let l(d) = 6*d + 3. Let h(v) = -v**2 + 20*v - 61. Let o be h(16). What is the remainder when l(3) is divided by (((-18)/o)/(-1))/(-6 - -7)?
3
Let i(v) = 136*v + 1. Suppose 2*c - 191 = -189. What is the remainder when i(c) is divided by 7?
4
Let c = 55 + -1. Let x = -6 + c. Let i = x - 40. Calculate the remainder when 27 is divided by i.
3
Suppose 3*o + 220 = 4*p + 63, -4*o - 12 = 0. Let x = 431 - 791. Calculate the remainder when 1/(((-7175)/x)/(-5) + 4) is divided by p.
35
Suppose 30 = -16*s + 20*s - 5*w, s - 9 = 2*w. Suppose 2*i - 60 = 86. Let u = i + -49. What is the remainder when u is divided by s?
4
Let h be ((-3)/(-3))/(2/456*-3). Let v = 83 + h. Calculate the remainder when 95 is divided by v.
4
Suppose y + 2*i - 447 = 0, 7*i = -2*y + 8*i + 899. Suppose 0 = -4*b + 547 + y. Suppose 0*u - 42 = -3*u. Calculate the remainder when b is divided by u.
11
Suppose -s + d + 2 = 6*d, 5*s + 5*d = 50. Suppose -s = -i + 5. Calculate the remainder when 29/(((-6)/(-4))/((-24)/(-16))) is divided by i.
12
Suppose -5*g + 451 = -3*u, -2*g + 22*u - 23*u + 176 = 0. Calculate the remainder when g is divided by 3.
2
Let i = 710 + -1198. Let s = -471 - i. Calculate the remainder when 65 is divided by s.
14
Calculate the remainder when 340 is divided by (38 - 32)*(-889)/(-42).
86
Suppose -4*o + 4 = 4*c, -1 + 3 = o. What is the remainder when c + 300 + -1 + -6 is divided by 59?
56
Let r = -2438 + 3774. What is the remainder when r is divided by 270?
256
Suppose -214*d - 4704 = -262*d. Suppose -2 + 0 = p, 5*p + 84 = 2*l. Calculate the remainder when d is divided by l.
24
Let t be (44/(-5))/(4/20). Let g = 23 + -18. Calculate the remainder when 66/t - (-41)/2 is divided by g.
4
Let a(r) = -r + 23. Let p be a(21). Suppose p*z - 3173 = -17*z. What is the remainder when z is divided by 34?
31
Suppose -40*r - 4 = -42*r. Suppose r*q - 10 = -2*i, -6*q + 3*i = -4*q + 5. Suppose -q*n - 85 = -7*n. What is the remainder when 49 is divided by n?
15
Suppose u + 0*u - 1 = 0. Suppose l = 4 - u. Suppose 3*x = -2*r + 16, -6*r + 3*r + x + 24 = 0. Calculate the remainder when r is divided by l.
2
Suppose 3*y - 446 - 13 = -3*k, y = 3*k - 447. What is the remainder when k is divided by 54?
42
Let n = -174 - -192. Suppose z + 7 = n. Calculate the remainder when 13 is divided by z.
2
Suppose 5*c - 4*q = -480, 4*c - 120 = 5*c + 4*q. What is the remainder when -36*(c/12 - -6) is divided by 29?
26
Let n be -1*1*(-22 + -1)*-1. Let z = 40 - n. Calculate the remainder when z is divided by 35.
28
Suppose 46 = 20*v - 2974. Calculate the remainder when 179 is divided by v.
28
Let t = 161 + -97. Suppose 138*d + 3*z = 139*d, z = -2*d + 42. Calculate the remainder when t is divided by d.
10
Let h(j) be the third derivative of -j**4/6 + 39*j**3/2 + 106*j**2. Calculate the remainder when h(-16) is divided by 62 - 2/((-4)/(-2)).
59
Let m = 7920 + -7579. Calculate the remainder when m is divided by 9 + -7 - (-67)/1.
65
Let y be (118600/30)/10 - (-3)/(-9). Suppose 0 = 19*a - y + 110. Calculate the remainder when 69 is divided by a.
9
Let x = 6225 - 2996. What is the remainder when x is divided by 8?
5
Let t = -80 + 185. Let n = 127 - t. What is the remainder when 239 is divided by n?
19
Let k(x) = -x**2 + 109*x + 749. What is the remainder when 6428 is divided by k(115)?
56
Let p(i) = 2*i + 12. Suppose -5*v - 15 = 0, 2*f = -2*f - 5*v - 79. Let u = f + 25. Calculate the remainder when u is divided by p(-3).
3
Let g(j) = j**2 + 1. Let t be g(0). Let m(l) = 24*l**2 + 5*l**2 - 11*l**2 + 5*l**2. Calculate the remainder when 158 is divided by m(t).
20
Suppose 36*c = 128 + 88. What is the remainder when 1571 is divided by c?
5
Suppose 3*h - 12 = -0*h. Suppose v + t - 45 = -0*v, 100 = 3*v - h*t. Calculate the remainder when v is divided by (-47)/(940/(-680)) + -20.
12
Let y be 48/(-22) + (-2)/(-11) - 13. Calculate the remainder when (-4487)/y - (0 - (-6)/45) is divided by 50.
49
Suppose -4 = -4*o + i, 2*o - 5*i + 8 = 10. Suppose q + o - 35 = 0. What is the remainder when 129 + (-2 - (0 + -4)) is divided by q?
29
Suppose 5*j + 119 = 6*j - d, -2*d + 666 = 6*j. What is the remainder when 221 is divided by j?
108
Suppose 0*d - 3 = -d. Suppose -d*y - 4*j + 92 = 0, 45 = 2*y + 3*j - 17. Let c = -5385 + 5393. What is the remainder when y is divided by c?
4
Let z be (1 - 29/2)*(-26)/(-39). Calculate the remainder when (z/(-12))/(4/80) is divided by 13.
2
Suppose 286 = 2933*v - 2920*v. Calculate the remainder when 347 is divided by v.
17
Let f(c) = 184*c**2 + c. Suppose 3234 - 1856 = 26*b. What is the remainder when f(1) is divided by b?
26
Let k = -194 + 215. Let q = -8 - -7. Calculate the remainder when 9 is divided by k/7 - (q + -1*1).
4
What is the remainder when (-56)/(-42)*((-195)/20)/((-2)/4) is divided by 213/15 - 1/5?
12
Let q = -65 + 64. Let v be 1/(-3) - (572/12 - q). Let n = v + 75. What is the remainder when 35 is divided by n?
9
Let s = 19418 - 17177. What is the remainder when 4482 is divided by s?
0
Suppose -11*c + 6077 = 16*c - 5479. What is the remainder when c is divided by 218?
210
Let f(b) = b**3 - 28*b**2 + 56*b + 4. Suppose -3*l + 17 = -5*v, 2*v - 21 = -l + 3. What is the remainder when f(26) is divided by l?
10
Suppose 0 = 60*w - 1474 - 566. What is the remainder when 137 is divided by w?
1
Suppose -30*d + 23 = -37. Suppose 0 = j + 3*j - w - 324, 4*j - d*w = 328. Calculate the remainder when 318 is divided by j.
78
Let w(h) = h**3 - 11*h**2 + 36*h - 222. What is the remainder when w(12) is divided by 184?
170
Let b(z) = -2*z + 44. Let c be b(-12). Suppose 0 = -76*r + 74*r + c. Calculate the remainder when 337 is divided by r.
31
Let t(i) = -i**2 + 1. Let s(x) = x**3 - 34*x**2 - 28*x + 67. Let f(j) = s(j) - 3*t(j). What is the remainder when f(32) is divided by 49?
45
Suppose -4*a + 3*v = -374, 2*a + 17*v - 15*v - 166 = 0. Calculate the remainder when 7295 is divided by a.
86
Suppose 0 = 8*v + 2*m - 92 + 32, -v = m - 3. What is the remainder when 834 is divided by v?
6
Suppose 3052 + 22097 + 12759 = 702*l. Suppose 1550 = 3*o + 422. What is the remainder when o is divided by l?
52
Calculate the remainder when ((-852)/(-9) + 10)/((-7)/(-21)) is divided by 152.
10
Let r = 4203 + -4026. What is the remainder when r 